t is m(-5)?
-3
Let m(o) = -o**2 + 11*o + 108. Determine m(17).
6
Let y(w) = 19*w - 158. Determine y(8).
-6
Let q(y) = -y**2 - 11*y + 528. What is q(-29)?
6
Let z(j) = -5*j**2 + 77*j + 294. Give z(18).
60
Let q(v) = -3*v**3 + 44*v**2 - 95*v + 31. Give q(12).
43
Let w(v) = 28*v - 46. Give w(4).
66
Let h(v) = -v**2 + 36*v - 185. Determine h(30).
-5
Let a(q) = 3*q**2 + 13*q - 65. Determine a(7).
173
Let y(d) = d**3 - 29*d**2 - 30*d - 67. Give y(30).
-67
Let k(s) = 2*s**2 - 2*s - 60. What is k(0)?
-60
Let c(u) = -u**3 - 23*u**2 - 80*u - 8. What is c(-15)?
-608
Let s(t) = t**3 - 203*t**2 + 1175*t + 1379. What is s(197)?
0
Let v(w) = -724*w + 9406. What is v(13)?
-6
Let v(o) = -o**2 + 79*o + 279. Determine v(82).
33
Let c(u) = -u**3 + 69*u**2 + 676*u + 2029. Calculate c(78).
1
Let q(t) = 4*t**3 - 14*t**2 + 74*t - 396. Give q(5).
124
Let h(z) = -22*z - 106. Give h(-41).
796
Let p(l) = -18*l**2 - 366*l - 1240. What is p(-16)?
8
Let t(b) = -3*b**2 - 34*b + 463. Give t(-20).
-57
Let n(p) = p**2 - 94*p + 215. What is n(2)?
31
Let v(q) = 53*q**3 + 320*q**2 - 6*q + 1. What is v(-6)?
109
Let z(v) = -2*v**3 - 18*v**2 + v + 44. Calculate z(-9).
35
Let x(k) = 4*k**2 - 33*k + 129. Give x(6).
75
Let m(f) = f**3 + 21*f**2 - 46*f - 15. Calculate m(-23).
-15
Let k(s) = -s**2 + 29*s + 1096. Calculate k(50).
46
Let d(x) = 18*x + 119. Calculate d(-8).
-25
Let y(h) = 2*h - 68. Give y(30).
-8
Let p(j) = -18*j - 785. What is p(-45)?
25
Let r(z) = -1354*z + 5426. Give r(4).
10
Let x(u) = -206*u + 652. Calculate x(3).
34
Let b(h) = 1876*h - 9434. What is b(5)?
-54
Let d(a) = a**3 + 13*a**2 - 67*a - 926. Calculate d(-12).
22
Let x(g) = -271*g + 84549. Give x(312).
-3
Let q(d) = -2*d**3 - 23*d**2 + 34*d + 45. What is q(-13)?
110
Let o(h) = -6*h**2 + 78*h - 14. Give o(15).
-194
Let y(g) = 4*g**3 - 2*g**2 - 7*g + 11. Determine y(1).
6
Let z(b) = -13*b - 312. Determine z(-25).
13
Let o(m) = 2*m**2 - 2*m - 231. Give o(12).
33
Let h(z) = -4*z**3 + 29*z**2 - 8*z - 16. What is h(7)?
-23
Let h(r) = 2*r - 24. Calculate h(11).
-2
Let k(z) = z**3 + 11*z**2 + 31*z + 40. What is k(-8)?
-16
Let z(o) = -o**3 - 3*o**2 + 11*o + 32. Calculate z(-7).
151
Let m(j) = -3*j**2 - 230*j + 2026. Determine m(9).
-287
Let x(i) = 310*i + 1547. Determine x(-5).
-3
Let u(q) = -13*q**3 - 6*q**2 - 4*q - 1. Calculate u(-1).
10
Let d(u) = u**3 + 20*u**2 + 92*u + 22. What is d(-6)?
-26
Let h(u) = 2*u**3 + 18*u**2 + 159*u + 1426. Calculate h(-9).
-5
Let f(x) = x**3 - 100*x**2 + 378*x + 572. Give f(96).
-4
Let o(m) = -m**3 - 22*m**2 - 10*m + 233. Give o(-21).
2
Let r(y) = -y**3 + 16*y**2 - 20*y + 7. Calculate r(15).
-68
Let j(b) = 145*b + 988. Give j(-7).
-27
Let u(x) = 788*x + 4698. Give u(-6).
-30
Let k(j) = j**3 - 12*j**2 + 14*j + 3. What is k(11)?
36
Let w(n) = -n**2 + 30*n + 13. Calculate w(9).
202
Let n(l) = 180*l - 5224. Calculate n(29).
-4
Let n(t) = -t**3 - 33*t**2 + 115*t + 5520. Give n(-31).
33
Let f(t) = -3*t**2 + 121*t + 78. Give f(41).
-4
Let m(o) = -o**2 - 26*o + 2324. Give m(37).
-7
Let l(k) = -k**2 + 27*k + 68. What is l(29)?
10
Let f(s) = -60*s**2 + 3*s - 2. Give f(-1).
-65
Let o(j) = -69*j**2 + 1385*j - 103. Calculate o(20).
-3
Let p(g) = 376*g - 6035. Determine p(16).
-19
Let h(f) = -1886*f + 1917. Calculate h(1).
31
Let q(i) = -2*i**2 - 50*i + 795. Determine q(11).
3
Let p(k) = 14*k**2 + 9*k - 11. Calculate p(5).
384
Let a(h) = -3*h**2 + 38*h + 14. Give a(16).
-146
Let m(s) = s**3 + 38*s**2 - 318*s - 109. Determine m(-45).
26
Let a(w) = -w**3 - 25*w**2 - 63*w - 300. What is a(-23)?
91
Let g(q) = -396*q - 2079. Give g(-5).
-99
Let f(m) = -297*m - 44841. What is f(-151)?
6
Let u(m) = -2*m**2 - 11*m + 102. Give u(5).
-3
Let k(b) = -b**3 - 62*b**2 - 174*b + 211. What is k(-59)?
34
Let g(i) = -i**2 + 43*i + 85. Calculate g(45).
-5
Let h(t) = t**2 - 2*t + 22. Determine h(5).
37
Let j(n) = 9*n**2 + 6*n + 17. Give j(-2).
41
Let r(b) = 4*b**3 - 47*b**2 - 7*b - 68. What is r(12)?
-8
Let w(s) = -3*s**2 - 245*s - 4999. What is w(-42)?
-1
Let q(g) = -g**3 + 10*g**2 - 42*g + 200. Give q(8).
-8
Let o(s) = -s**3 - 96*s**2 - 205*s - 1599. Determine o(-94).
-1
Let r(d) = d**2 + 25*d + 83. Determine r(-12).
-73
Let t(s) = 4*s**2 - 917*s + 8769. Determine t(10).
-1
Let k(v) = 24*v + 29. What is k(2)?
77
Let r(m) = -2*m**3 + 81*m**2 + 50*m - 266. Determine r(41).
103
Let k(z) = 77*z**2 - 28*z - 64. What is k(-2)?
300
Let v(g) = 8*g + 83. Give v(-10).
3
Let m(i) = 8*i**2 + 11*i + 27. What is m(-4)?
111
Let s(c) = -c**2 + 67*c + 2785. Determine s(96).
1
Let d(p) = -705*p - 29615. Determine d(-42).
-5
Let a(v) = -26*v + 3560. Determine a(136).
24
Let x(d) = 2*d**2 - 22*d + 28. What is x(9)?
-8
Let s(c) = 5*c**2 + 208*c - 965. Calculate s(-46).
47
Let q(o) = 4*o**2 + 18*o - 34. Give q(5).
156
Let q(p) = -p**3 - 11*p**2 + 14*p + 328. What is q(-9)?
40
Let d(u) = -u**3 + u**2 - 15*u + 51. Determine d(3).
-12
Let i(w) = 5*w**2 - 96*w - 192. Calculate i(-2).
20
Let d(v) = -v**3 - 127*v**2 - 949*v + 350. Determine d(-119).
-7
Let c(t) = -23*t - 126. Give c(-6).
12
Let j(g) = -21*g**2 - 12*g - 5. Calculate j(3).
-230
Let m(g) = 16*g - 267. Calculate m(18).
21
Let k(u) = 2*u**3 - 6*u**2 + 36*u - 114. What is k(3)?
-6
Let d(z) = -16*z + 387. Give d(24).
3
Let i(c) = 2*c**3 - 11*c**2 + 29. What is i(5)?
4
Let u(k) = k - 192. Determine u(123).
-69
Let c(d) = 7*d**2 - 81*d - 34. What is c(12)?
2
Let s(u) = 3*u + 86. Calculate s(-55).
-79
Let n(d) = d**2 - 124*d - 1933. Calculate n(-14).
-1
Let z(w) = 5*w**3 - 29*w**2 + 12*w + 11. Calculate z(6).
119
Let q(w) = 1400*w + 20996. Give q(-15).
-4
Let m(h) = -77*h + 125. Give m(2).
-29
Let t(p) = -p**2 + 61*p + 580. Give t(-9).
-50
Let v(t) = 173*t - 33913. Give v(196).
-5
Let d(h) = -1672*h + 22. Calculate d(0).
22
Let m(c) = 538*c - 4831. Calculate m(9).
11
Let c(l) = -2*l**3 - 100*l**2 + 3*l - 17. Determine c(-50).
-167
Let y(v) = -2*v**3 - 5*v**2 + 10*v + 7. What is y(-5)?
82
Let c(m) = 657*m + 162952. Calculate c(-248).
16
Let w(q) = -q**3 + 20*q**2 + 263*q - 105. Calculate w(29).
-47
Let u(b) = b**2 + 6*b - 78. Calculate u(-15).
57
Let k(r) = -1630*r - 5. What is k(0)?
-5
Let g(j) = -j**3 + 12*j**2 + 8*j + 134. Calculate g(11).
343
Let h(g) = 162*g - 163. What is h(1)?
-1
Let m(r) = -10*r**2 + 1360*r - 7. Calculate m(136).
-7
Let l(d) = -5*d**3 - 27*d**2 + d + 53. Determine l(-5).
-2
Let n(d) = 4*d**3 + 14*d**2 - 26*d - 21. What is n(-7)?
-525
Let r(z) = 14*z**3 - 51*z - 51. Calculate r(-1).
-14
Let p(h) = h**3 - 33*h**2 + 148. Give p(33).
148
Let o(p) = -7*p**2 - 148*p + 64. Give o(-21).
85
Let z(n) = -n**3 + 7*n**2 + 7*n + 18. Determine z(8).
10
Let d(o) = 10*o + 176. What is d(-16)?
16
Let m(t) = -50*t**2 - 241*t + 3. Give m(-5).
-42
Let o(k) = 97*k**2. Give o(-1).
97
Let a(d) = 454*d - 1823. Calculate a(4).
-7
Let f(j) = -38*j**2 - 3757*j + 394. Calculate f(-99).
-101
Let q(h) = 15*h + 2126. Determine q(-141).
11
Let q(w) = -6*w**2 - 109*w - 472. Determine q(-11).
1
Let a(i) = -i**3 + 20*i**2 - 31*i + 234. Determine a(19).
6
Let f(d) = -d**2 - 43*d - 263. Give f(-28).
157
Let l(y) = 28*y + 2698. Give l(-96).
10
Let n(q) = -5*q + 120. Give n(12).
60
Let v(s) = -4*s**2 - 64*s + 525. Determine v(-22).
-3
Let m(v) = -20*v**3 - 3*v**2 + 8*v - 7. Give m(1).
-22
Let p(v) = 2*v**3 + 16*v**2 + 27*v - 7. Calculate p(-4).
13
Let b(n) = -n**3 - 28*n**2 - 75*n + 7. What is b(-25)?
7
Let z(j) = 5*j**2 - 190*j - 7. Give z(0).
-7
Let k(h) = -h**3 - 61*h**2 - 64*h - 263. Give k(-60).
-23
Let j(k) = k**3 + 5*k**2 - 75*k + 126. Determine j(2).
4
Let v(i) = i**3 + 19*i**2 - 22. Give v(-19).
-22
Let g(v) = v**3 - 35*v**2 - 352*v + 306. Give g(43).
-38
Let y(c) = 19*c**3 + 475*c**2 - 2*c - 46. Determine y(-25).
4
Let z(n) = n**2 + 9*n - 201. Determine z(9).
-39
Let j(k) = k**2 + 18*k + 21. Determine j(-15).
-24
Let y(s) = -258*s + 88748. Calculate y(344).
-4
Let f(a) = -a**3 - 6*a**2 + 26*a - 36. Determine f(-12).
516
Let r(n) = n**3 + 65*n**2 - 19*n - 104. Calculate r(-65).
1131
Let x(g) = 4*g**2 - 13*g + 155. What is x(5)?
190
Let v(u) = -3*u**2 - 16*u - 27. Give v(-3).
-6
Let g(c) = 321*c + 24. Calculate g(0).
24
Let h(p) = -p**3 + 30*p**2 + 118*p - 92. Calculate h(34).
-704
Let n(i) = -i**3 - 27*i**2 - 169*i + 38. Calculate n(-15).
-127
Let v(x) = x**3 - 8*x**2 - 33*x + 189. Determine v